). Let v(z) = -z**3 - 10*z**2 + 22*z - 6. Let d be v(h). Calculate the greatest common factor of d and 162.
18
Let b(r) = r + 1. Let x be b(8). Suppose -5*n - 27 = -2*n. Let j be 3/(1 - (-8)/n). Calculate the greatest common divisor of j and x.
9
Suppose -12 = 5*u - 2*u. Let m be (-30)/u*(-4)/(-6). Suppose 5*l + m*i = 25, -4*l + 9*l = 2*i + 25. Calculate the greatest common factor of 15 and l.
5
Let y(l) be the second derivative of 0 + 6*l + 7/2*l**2 - 61/6*l**3. Let o be y(-3). Calculate the highest common factor of 19 and o.
19
Suppose 0 = 95*c - 92*c - 123. Calculate the greatest common divisor of 41 and c.
41
Let i = 493 + -483. Calculate the greatest common divisor of 380 and i.
10
Suppose 7*l + 2*f - 124 = 4*l, l - 4*f = 60. What is the highest common divisor of 418 and l?
22
Let p be (((-840)/(-50))/(-7))/((-1)/10). Calculate the greatest common divisor of p and 108.
12
Suppose -11*x + 10265 - 3555 = 0. Calculate the greatest common divisor of x and 10.
10
Suppose -4*l = -6*l + 12. Let h be (18/(-24))/((-1)/(-16)). Let x = h + 18. Calculate the highest common factor of x and l.
6
Suppose 3 = -2*j + 3*j. Let y = 0 + j. Suppose -5*m - y = 4*n - 20, n + 3*m = -1. What is the greatest common divisor of 72 and n?
8
Let r(v) = -v**2 - 8*v - 4. Let c be r(-6). Suppose 3*k = -b - b + 8, -4*b = 2*k + c. Calculate the greatest common factor of 2 and k.
2
Let d be ((-50)/(-30))/((-10)/(-72)). Calculate the greatest common factor of d and 108.
12
Let n = 919 + -649. What is the greatest common divisor of 450 and n?
90
Suppose 111*d + 34 = 3*r + 107*d, -5*r + 54 = -4*d. What is the highest common divisor of r and 6?
2
Suppose 40 = 5*d - 0*d. Let a(y) = -y**2 + 11*y. Let w be a(d). What is the greatest common factor of w and 120?
24
Let r be 1/(-3)*3/1. Let n = r - -18. Suppose 3*p - 85 = -u, 4*u - 368 + 28 = 2*p. What is the highest common divisor of n and u?
17
Let c = 284 + -108. Suppose -j = -2 - 12. Let x = 2 + j. What is the greatest common divisor of c and x?
16
Let m = -1265 + 1335. Calculate the greatest common divisor of 1330 and m.
70
Let u(t) = -17*t + 26. Let p be u(1). What is the highest common factor of 30 and p?
3
Let d = 245 + -83. Suppose 5*l = y + d, 3*l - l - 2*y = 68. Calculate the greatest common divisor of l and 80.
16
Let d(s) = -s**2 - 16*s - 12. Let m be d(-15). Suppose -66 = -m*a - 3*g, 4*a = 2*g + 38 + 20. What is the greatest common factor of a and 153?
17
Suppose 21*o - 16*o = -40. Let u = 11 + o. Suppose -2*a = -5*w - u*a + 242, 3*a + 156 = 3*w. What is the greatest common divisor of 7 and w?
7
Let w(h) = -h**3 + 20*h**2 - 18*h - 7. Let c = -31 - -50. Let l be w(c). Calculate the greatest common divisor of l and 60.
12
Suppose d + 226 = 20. Let s = d - -85. Let y = -76 - s. Calculate the greatest common factor of y and 5.
5
Let y = -8 - -20. Let f = -40 + 42. Let t(s) = 8*s**2 - 2. Let n be t(f). Calculate the greatest common divisor of y and n.
6
Let t(r) = r + 4. Let n be t(-4). Suppose n = -5*k - 15, -4*m + 0*k + 3*k = -561. Suppose -3*g - 18 + m = 0. What is the greatest common factor of 20 and g?
20
Suppose -14448 = 105*d - 112*d. Calculate the greatest common factor of 48 and d.
48
Let k(o) = -12*o. Let f be k(-1). Suppose -i + 4*q + 22 = 0, -q = -i - 2*i + 33. Suppose 3 = i*r - 27. Calculate the highest common factor of r and f.
3
Let j(i) = 8*i - 16. Suppose 0 = -5*g + 4*p + 26, 5*g - 2*p = g + 22. Let k be j(g). Calculate the highest common divisor of k and 64.
32
Let q be (-173)/(-5) - (-2)/5. Let b be (((-39)/(-2))/(-3))/((-8)/(-16)). Let y = 27 + b. What is the greatest common divisor of q and y?
7
Let q be (-12)/(-100) + (-76446)/(-450). Let b be (-8)/(-6)*102/4. Calculate the greatest common divisor of q and b.
34
Let z be 46/230 + 0 + (-28)/(-10). Suppose -2*x = 3*j - 2*j - 299, 456 = z*x + 3*j. What is the greatest common factor of x and 21?
21
Let y be 27577/138 - (-2)/12. What is the highest common factor of y and 8?
8
Let d = 48 + -30. Let f be ((-48)/d)/(4/(-6)). Calculate the highest common divisor of f and 6.
2
Let o(y) = -15*y. Let n be o(-2). Let m = 54 + n. Let a be (-20)/(-10)*28/1. Calculate the highest common factor of m and a.
28
Suppose 2 = m - 16. Let n = 318 - 192. Calculate the highest common divisor of n and m.
18
Suppose -2*m - 402 = -5*j, -5*m - 6 = j - 108. Calculate the highest common factor of 6 and j.
2
Let j = -113 + 218. Suppose 4 = 11*i - 9*i. Suppose -t = -i*t + 15. What is the highest common factor of t and j?
15
Let k be 4/34 + 23184/612. What is the highest common factor of 494 and k?
38
Let f(t) = 17*t - 9. Let i be f(5). Suppose 0 = -4*h - 5*y + 200, 3*y + i = h + 9. What is the greatest common divisor of h and 5?
5
Let b(d) = 3*d - 44. Let n be b(16). Suppose 6 = n*r - 150. Calculate the greatest common divisor of r and 39.
39
Let p be 3/3 + 55/5. Suppose -5*n + r + 0*r + 17 = 0, 2*n - r - 8 = 0. Let v be 7/n*(p + 0). What is the highest common divisor of 4 and v?
4
Suppose -y - y + 130 = 0. Let z(o) = o - 14 + 7*o - o + 5. Let s be z(5). Calculate the highest common divisor of y and s.
13
Let w = -17 + 35. Let p(i) = i**2 - 14*i + 16. Let o be p(13). Suppose -4*n - 4*x = -784, 0*n - o*n + 596 = -x. What is the highest common divisor of n and w?
18
Suppose -15 - 5 = -o. Let h(l) = -6*l**2 - 8*l - 8 + 0*l**2 + 2*l**2 + 3*l**2. Let j be h(-4). Calculate the highest common divisor of j and o.
4
Let c = -34 - -102. Suppose 0 = -l + 2*z + 15, -3*z = -0*z - 3. Calculate the greatest common factor of c and l.
17
Let u be 2*2/((-4)/(-121)). Let l(v) = -9*v**2 + 71*v + 19. Let d be l(8). Calculate the greatest common factor of u and d.
11
Suppose 4*i + h - 155 = 319, 3*i + h - 355 = 0. Let d = 6651 + -6617. Calculate the greatest common divisor of d and i.
17
Suppose 28*y + 7*y = 14350. Calculate the greatest common divisor of 246 and y.
82
Let a(w) = w**2 + 2*w - 56. Let b be a(-16). Calculate the greatest common factor of b and 8.
8
Let q be 42/4*200/150. What is the highest common factor of 26 and q?
2
Let w = 41 - 29. Let b be (4 - (-24)/(-15))/((-2)/(-70)). What is the highest common divisor of b and w?
12
Let y = -213 - -558. Calculate the greatest common factor of 30 and y.
15
Let i be (-1614)/(-15) - (51/(-15) - -3). Let p = 160 - i. Let s be 13*(0 + 1)*10. What is the greatest common factor of s and p?
26
Let o = 10 + 13. Suppose 0 = -6*l - 18 + 60. Let p = l + o. What is the greatest common divisor of 10 and p?
10
Suppose -5*j - 13*j = -4032. What is the highest common divisor of 28 and j?
28
Let a(m) = -m**3 + 36*m**2 + 75*m + 86. Let z be a(38). What is the highest common factor of 176 and z?
16
Suppose 16*q + 8 = 20*q. Suppose 2*g - a - 73 = -4*a, -4*g = q*a - 166. Suppose -3*d - g = -5*d. What is the greatest common factor of d and 2?
2
Suppose -3*p + 28 + 17 = 0. Suppose p = 4*m + m. Suppose -4*j + 64 = -0*b + 2*b, 4*j - 68 = -m*b. What is the greatest common divisor of j and 126?
14
Let z be (5428/(-69))/(8/(-6)). Calculate the greatest common divisor of 236 and z.
59
Let a be (-6)/(-26) + 882/234. Let z(n) = 2*n - 6. Let r(c) = -2*c - 3. Let s be r(-4). Let p be z(s). Calculate the highest common factor of a and p.
4
Suppose -n + 5*n = r + 8, -5*n = -5*r + 35. Let p(f) = -f**2 + 4*f**2 + 8 - r. Let s be p(2). What is the greatest common factor of 2 and s?
2
Let x be (2/4)/(8/(-160)). Let q(y) = -y**2 - 16*y - 21. Let k be q(x). Calculate the greatest common factor of k and 13.
13
Let a be (-2 - -1)/(9/(-45)). Let s(o) = -a + 9*o - 22*o + 11*o. Let z be s(-8). What is the greatest common factor of 44 and z?
11
Suppose 3*z - 256 = q, -22*z + 20*z - q = -169. What is the greatest common factor of 119 and z?
17
Suppose -d = -15*d + 84. What is the greatest common divisor of 16 and d?
2
Suppose 302 + 158 = 4*z. Let c = -10 + z. Calculate the highest common divisor of c and 15.
15
Let c be 15*(-12)/(-150) + (-4916)/(-20). What is the greatest common divisor of 19 and c?
19
Let r = -22 - -28. Suppose r*l - 336 = -0*l. Suppose 3*z - 64 = l. Calculate the greatest common divisor of z and 8.
8
Suppose 0 = 13*a - 9*a - 4*t - 6548, -5*t = -3*a + 4907. Calculate the greatest common factor of 11 and a.
11
Suppose -127*j = -111*j - 736. What is the greatest common divisor